1134, -o - 5 = -2. What is the hundreds digit of i?
5
Let c = 930 - 82. What is the units digit of 4/(0 - (-2)/c)?
6
Suppose 4*v + 12331 = 71*q - 70*q, -2*q + 4*v + 24638 = 0. What is the thousands digit of q?
2
Suppose 0 = 8*i - 5*i - 15. Suppose -5*l = i*d - 35, 0*l + 5*l - 5*d = 85. What is the units digit of (-40*1)/((-8)/l)?
0
Suppose 0 = 25*k + 391 + 259. Let r(d) = 3*d**2 + 39*d + 51. What is the hundreds digit of r(k)?
0
Let i(a) = -a**2 + 18*a + 9. Let l be i(9). Suppose 4 = -v, x + 2*v + l = -v. Let d = x - -156. What is the tens digit of d?
7
What is the thousands digit of (1091*(-12)/15)/((-62)/155)?
2
Suppose -3 = -6*o + 27. Suppose -o*z + 1877 + 276 = -4*t, 5*z + t - 2168 = 0. What is the units digit of z?
3
Let d(q) = -q**3 + 2*q**2 + 2*q + 7. Suppose -9*v = -5*v - 12. Let w be d(v). Suppose -g + 333 = w*y, 2*y - 144 - 30 = 2*g. What is the tens digit of y?
8
Let l(o) = 9*o**3 - 5*o**2 - 6*o. Let h(k) = 10*k**3 - 6*k**2 - 7*k. Let c(n) = -2*h(n) + 3*l(n). What is the units digit of c(4)?
4
Suppose 759*g - 1031*g + 7022679 = -7264665. What is the tens digit of g?
2
Let k(r) = 3142*r + 1407. What is the tens digit of k(4)?
7
Let t = 9193 + -7013. What is the thousands digit of t?
2
Let s = -18765 - -27156. What is the units digit of s?
1
Let l = 3351 - -6155. Suppose 7*i = 21*i - l. Let x = i - 451. What is the hundreds digit of x?
2
What is the units digit of (3/(-6))/((-4310928)/1077728 - -4)?
9
Let x be -1 - -3*116/12. Suppose 10 = -6*k + x. Suppose 72 = k*s + 4*n - 0*n, 2*s - 48 = -3*n. What is the tens digit of s?
2
Suppose 5*q - 10*q = -25. Let u(h) = -h**3 + 5*h**2 + h + 15. What is the tens digit of u(q)?
2
Suppose 41 = 3*u + 2*u - 4*g, 4*u + 3*g - 8 = 0. Let p(f) = 1 + 8*f**2 + 6*f**2 + 5*f - 3 + u*f**2. What is the units digit of p(-2)?
4
Let d(f) = f**2 + 1. Let q be d(-2). Let j(o) = -2*o + 4*o + q - 3 + 17*o. What is the units digit of j(2)?
0
What is the hundreds digit of (15/(105/1274))/((-3)/(-12))?
7
Let z(y) = 29*y**2 - 46*y**2 + y**3 + 12 + 30*y**2. What is the hundreds digit of z(-6)?
2
Let u(s) = -90*s - 57. Let c(d) = -135*d - 85. Let l(z) = -5*c(z) + 7*u(z). Let t be l(6). Let b = 444 - t. What is the hundreds digit of b?
1
Let a = -3083 - -7509. Suppose 6*r + 994 = a. Suppose -4*p + 8*p = r. What is the tens digit of p?
4
Let l(g) = g**3 - g**2 - g. Let z(w) = 791*w**3 - 5*w**2 - 6*w - 1. Let u(y) = 4*l(y) - 2*z(y). What is the thousands digit of u(-1)?
1
Let k(p) = 41*p + 30. Let l(y) = y. Let a(i) = k(i) + 6*l(i). Let r(z) = 24*z + 15. Let f(d) = 3*a(d) - 5*r(d). What is the tens digit of f(3)?
7
Suppose 22*t = -41*t + 14*t + 210896. What is the thousands digit of t?
4
Suppose 3*u + 10 = w + 4*w, -5 = -4*u + 3*w. Suppose 8*c - u*c = 3*i - 189, 0 = -5*i + 25. Let t = 112 - c. What is the units digit of t?
0
Let j be (-588)/(-63)*(-6)/(-8). Let v(p) = 166*p - 156. What is the hundreds digit of v(j)?
0
Let q be 4/8 - (1/2 - -4). What is the tens digit of (4 - 0) + (q - -213) + 5?
1
Let m(x) = 4*x**2 + 94*x - 30. Let p be m(-26). Let r = p + -97. What is the tens digit of r?
3
Let j = 1429 + -2164. Let r = j + 1684. What is the units digit of r?
9
Suppose 11*z = 2*z - 36. Let d be (-30)/z*54/45. Suppose s = -d + 31. What is the tens digit of s?
2
Suppose -3 = b + 7. Let u be (-32)/12 - b/15. What is the units digit of (13/(-39))/(u/6)?
1
Let p(g) = -g**3 + 12*g**2 - 15*g - 41. Let c be p(10). What is the units digit of (-2)/c - 165815/(-117)?
7
Let z = -20817 + 51627. What is the units digit of z?
0
Suppose 5*x - 3*g + 1361 = x, 0 = 2*g + 10. Let i = 29 - x. What is the units digit of i?
3
What is the thousands digit of -11 - (1*-4 + (-3357752)/97)?
4
Let q = 274 + -272. Suppose 0 = b + 3*h - 629, 4*b + q*h = 2939 - 383. What is the units digit of b?
1
Let n(z) = 48*z - 32. Let j(y) = 1055*y - 700. Let g(h) = 2*j(h) - 45*n(h). What is the units digit of g(-4)?
0
Suppose -v + 1 = 0, 18*v + 50 = 5*a + 13*v. Suppose 16*u - 4*p - 2066 = a*u, -4*u + 1659 = 3*p. What is the units digit of u?
4
Suppose 2*h - 161204 = 3*u - 22137, 2*h = -5*u - 231773. What is the hundreds digit of u/(-55) + 4/22?
8
Suppose -3*r + 133 = -2*g, -r - 20 = g - 61. Let b be (-73 - 0)/(7 - 8). Let z = b - r. What is the units digit of z?
0
Suppose -78*v + 18458 = -89*v. Let x = v - -2425. What is the hundreds digit of x?
7
Suppose 339*i - 372550 = 289*i. What is the tens digit of i?
5
Suppose 0 = -0*s - 3*s - 15. Let y(z) = 62*z**3 + z**2 + 0*z - 2*z + 16 + 3*z - 63*z**3 + 5*z. What is the units digit of y(s)?
6
Let p(o) = -o**2 - 11*o - 27. Let v be p(-5). Suppose 0 = -v*w + 5*g + 277, 11*w - 483 = 6*w + 3*g. What is the tens digit of w?
9
Suppose 1 = -4*q - 3*m, -5 = q + 3*m + 2. Suppose -2*h + 93 = r, 4*r = 5*h - 0*h - 226. Suppose q*g - h = f + 2*f, -5*f + 23 = g. What is the units digit of g?
3
Suppose 5*y = 5*p + 275, 156 = 3*y + 3*p - 33. Let b = -56 + y. What is the units digit of b?
3
Let n = -4 - 22. Let x = n - -43. Let u = x + 76. What is the tens digit of u?
9
Let z(i) = -i**3 + 14*i**2 - 5*i - 1. Let r(d) = -6*d - 9. Let m be r(-2). Suppose 4*l + 5*y - 74 + 17 = 0, 0 = 2*l + m*y - 29. What is the units digit of z(l)?
3
Suppose r + 3*r - 2*u = -1542, r = u - 386. Let l = r - -619. What is the units digit of l?
4
Let p(x) = 104*x**2 + 77*x + 126. What is the units digit of p(-4)?
2
Let r(w) = -1820*w + 11121. What is the tens digit of r(-11)?
4
Suppose 5*b + 8 = 4*l, b = -3*l - 3*b - 25. What is the tens digit of (1/l)/(3/(-5229))?
8
Suppose 662*l - 664*l + 11654 = 0. What is the hundreds digit of l?
8
Suppose 0 = -r - 0*r + 6. Let z be (-1 - r*(-1)/1) + -3. What is the units digit of (1/(-3))/((-1)/762*z)?
7
Let w = -43709 + 20665. What is the hundreds digit of -3 + (2/9 - w/63)?
3
Let x(f) = 6*f - 12*f + 343 + 52. What is the tens digit of x(0)?
9
Let h(g) = -11*g - 109. Let s be h(-18). Let a = s + -7. What is the units digit of a?
2
Let m(h) = -14*h - 18. Let s(b) = 7*b + 9. Suppose -6*t = 7*t - 78. Let i(y) = t*m(y) + 13*s(y). What is the units digit of i(6)?
1
Let t = 385 + -382. Suppose 4*x - 178 = -b, x - t*b - 126 = -2*x. What is the tens digit of x?
4
Suppose 36*z = 34*z + 86. Let o = -95 + 59. Let m = z + o. What is the units digit of m?
7
Suppose 0 = w + 3*n - 20, 5*n - 4 - 21 = 0. Suppose -219 - 2251 = -w*l. What is the tens digit of l?
9
Let r(y) = -8 + 1 - 17*y - 15*y + 37*y. Let h be r(2). What is the units digit of (-1*4/h)/((-2)/3)?
2
Suppose 106*o - 710131 = 53*o + 420306. What is the units digit of o?
9
Let l = 712 + 22247. What is the thousands digit of l?
2
Suppose 0 = 17*i - 18*i + 4569. What is the hundreds digit of i?
5
Let x = 51295 + -35749. What is the units digit of x?
6
Suppose 5*o + 4*p = 33908, 36*o = 41*o + 2*p - 33914. Suppose -o = -9*s - 1717. What is the units digit of s?
3
Let h be 0 + 61 + -1*1. Suppose 3*s + 10 = -34*j + 33*j, -4*s + 2*j = 0. Let m = h + s. What is the units digit of m?
8
Suppose -4*n = a + 1, -5 = -0*n - n + 5*a. Suppose -113 = 3*w - r - 1677, n = 5*w + 2*r - 2592. What is the units digit of w?
0
Let b = 31 + -26. Let j be (3 - 2) + -2 + 5/b. Suppose -41 + 331 = 2*d + 2*z, d + 2*z - 148 = j. What is the hundreds digit of d?
1
Suppose -4*j + 314 + 506 = -4*l, -3*l - 616 = -4*j. Let a = l - -276. What is the units digit of a?
2
Let r(z) = -376*z - 2. Let a be r(-2). Let b = a - 117. Let l = b + -413. What is the hundreds digit of l?
2
Suppose 11*i = 8*i - 714. Let x = -157 - i. Suppose -x = -2*j + 21. What is the tens digit of j?
5
Suppose 0 = 5*p - 5*z - 1990, 4*p = 2*z + 1112 + 476. What is the tens digit of (p/(-8))/(-1 + 1/2)?
9
Let x = 452 + -1258. Let s be 10/25 + x/(-10). Let l = s - 46. What is the tens digit of l?
3
Suppose 1211*d + 556522 = 1246*d - 221038. What is the tens digit of d?
1
Let n(h) = 1425*h - 14263. What is the thousands digit of n(42)?
5
Suppose 4*k - 3*n = -45, 0*n = -4*k - 5*n - 53. What is the units digit of (3/k*-20)/((-6)/(-1140))?
0
Suppose h - 30 = -5*r, 4*r + 5*h - 45 = -0*r. Suppose r*z = -z + 2538. What is the units digit of z?
3
Suppose -101*w + 106*w + 43089 = 4*g, 2*g - w = 21549. What is the ten thousands digit of g?
1
Suppose 27*a = -5*s + 31*a + 217182, 173648 = 4*s + 9*a. What is the hundreds digit of s?
4
Let b(d) = d**3 + 15*